divided by 4045.
3
What is the remainder when 32101 is divided by 32082?
19
Calculate the remainder when 7909 is divided by 362.
307
What is the remainder when 33253 is divided by 173?
37
Calculate the remainder when 50356 is divided by 930.
136
What is the remainder when 199841 is divided by 45?
41
Calculate the remainder when 34893 is divided by 77.
12
What is the remainder when 13865 is divided by 6854?
157
What is the remainder when 6016 is divided by 1494?
40
Calculate the remainder when 55465 is divided by 99.
25
Calculate the remainder when 1112027 is divided by 33.
26
Calculate the remainder when 11639 is divided by 38.
11
What is the remainder when 9771 is divided by 9678?
93
What is the remainder when 125093 is divided by 21?
17
What is the remainder when 7715 is divided by 3175?
1365
Calculate the remainder when 4586 is divided by 2053.
480
What is the remainder when 201300 is divided by 13?
8
What is the remainder when 24394 is divided by 12173?
48
Calculate the remainder when 7516 is divided by 117.
28
What is the remainder when 24309 is divided by 225?
9
What is the remainder when 525792 is divided by 262894?
4
What is the remainder when 3247 is divided by 45?
7
Calculate the remainder when 20923 is divided by 192.
187
Calculate the remainder when 25277 is divided by 124.
105
Calculate the remainder when 23633 is divided by 76.
73
Calculate the remainder when 120899 is divided by 1174.
1151
What is the remainder when 2209 is divided by 707?
88
What is the remainder when 2287 is divided by 1583?
704
Calculate the remainder when 76492 is divided by 14.
10
What is the remainder when 8734 is divided by 2910?
4
Calculate the remainder when 361371 is divided by 60227.
9
What is the remainder when 188684 is divided by 79?
32
What is the remainder when 56064 is divided by 1094?
270
Calculate the remainder when 28797 is divided by 75.
72
Calculate the remainder when 3914 is divided by 3912.
2
What is the remainder when 928 is divided by 25?
3
Calculate the remainder when 8524 is divided by 473.
10
What is the remainder when 733 is divided by 474?
259
Calculate the remainder when 4544 is divided by 64.
0
What is the remainder when 6921 is divided by 437?
366
What is the remainder when 154088 is divided by 634?
26
What is the remainder when 8827 is divided by 269?
219
What is the remainder when 1839540 is divided by 271?
263
Calculate the remainder when 15979 is divided by 96.
43
Calculate the remainder when 11055 is divided by 1944.
1335
What is the remainder when 20631 is divided by 1473?
9
What is the remainder when 23843 is divided by 7942?
17
Calculate the remainder when 63416 is divided by 47.
13
Calculate the remainder when 12316 is divided by 2385.
391
What is the remainder when 617360 is divided by 123467?
25
Calculate the remainder when 32084 is divided by 10675.
59
What is the remainder when 11441 is divided by 9?
2
Calculate the remainder when 173913 is divided by 160.
153
Calculate the remainder when 11149 is divided by 450.
349
Calculate the remainder when 51659 is divided by 34.
13
Calculate the remainder when 40 is divided by 34.
6
What is the remainder when 18920 is divided by 72?
56
Calculate the remainder when 53773 is divided by 23.
22
Calculate the remainder when 195533 is divided by 22.
19
Calculate the remainder when 9917 is divided by 27.
8
Calculate the remainder when 17272 is divided by 240.
232
What is the remainder when 1961 is divided by 24?
17
What is the remainder when 21291 is divided by 193?
61
Calculate the remainder when 17342619 is divided by 66.
63
What is the remainder when 561289 is divided by 101?
32
What is the remainder when 16378 is divided by 16364?
14
Calculate the remainder when 37631 is divided by 3763.
1
Calculate the remainder when 56475 is divided by 1107.
18
What is the remainder when 20297 is divided by 1845?
2
Calculate the remainder when 22026 is divided by 21640.
386
What is the remainder when 3524 is divided by 1836?
1688
Calculate the remainder when 15539 is divided by 7757.
25
Calculate the remainder when 1195521 is divided by 22.
19
What is the remainder when 12103 is divided by 672?
7
Calculate the remainder when 30631 is divided by 4372.
27
What is the remainder when 30794 is divided by 296?
10
Calculate the remainder when 27033 is divided by 27032.
1
Calculate the remainder when 54013 is divided by 18.
13
Calculate the remainder when 202876 is divided by 174.
166
What is the remainder when 1010658 is divided by 20?
18
Calculate the remainder when 2410 is divided by 498.
418
What is the remainder when 195860 is divided by 1797?
1784
Calculate the remainder when 21788 is divided by 10852.
84
What is the remainder when 1390 is divided by 200?
190
What is the remainder when 2534 is divided by 623?
42
What is the remainder when 326374 is divided by 66?
4
Calculate the remainder when 41974 is divided by 13985.
19
Calculate the remainder when 2908 is divided by 207.
10
Calculate the remainder when 8104076 is divided by 29.
26
What is the remainder when 4043177 is divided by 580?
577
What is the remainder when 12773 is divided by 330?
233
What is the remainder when 7676 is divided by 126?
116
Calculate the remainder when 7169 is divided by 548.
45
Calculate the remainder when 621047 is divided by 43.
41
What is the remainder when 1488 is divided by 562?
364
What is the remainder when 54181 is divided by 85?
36
What is the remainder when 51280 is divided by 12817?
12
What is the remainder when 22866 is divided by 947?
138
Calculate the remainder when 15703 is divided by 402.
25
What is the remainder when 89599 is divided by 140?
139
What is the remainder when 67675 is divided by 13?
10
What is the remainder when 9927 is divided by 12?
3
What is the remainder when 155720 is divided by 30?
20
What is the remainder when 281084 is divided by 1098?
1094
Calculate the remainder when 1890 is divided by 6.
0
Calculate the remainder when 142665 is divided by 20378.
19
Calculate the remainder when 66008 is divided by 35.
33
Calculate the remainder when 166906 is divided by 14.
12
What is the remainder when 333860 is divided by 1391?
20
Calculate the remainder when 564915 is divided by 31383.
21
Calculate the remainder when 918292 is divided by 91829.
2
What is the remainder when 222651 is divided by 54?
9
What is the remainder when 50095 is divided by 170?
115
What is the remainder when 1389303 is divided by 768?
759
Calculate the remainder when 428109 is divided by 499.
466
Calculate the remainder when 66750 is divided by 126.
96
What is the remainder when 15549 is divided by 33?
6
What is the remainder when 9853 is divided by 572?
129
What is the remainder when 2017 is divided by 704?
609
Calculate the remainder when 5056 is divided by 840.
16
Calculate the remainder when 5347 is divided by 202.
95
What is the remainder when 765 is divided by 618?
147
What is the remainder when 1262 is divided by 38?
8
Calculate the remainder when 13807 is divided by 1061.
14
What is the remainder when 146984 is divided by 36741?
20
What is the remainder when 8081 is divided by 7293?
788
What is the remainder when 1946954 is divided by 265?
264
Calculate the remainder when 9497662 is divided by 365.
362
Calculate the remainder when 18680 is divided by 1178.
1010
Calculate the remainder when 4122 is divided by 563.
181
Calculate the remainder when 426 is divided by 95.
46
What is the remainder when 183871 is divided by 398?
393
Calculate the remainder when 6352 is divided by 1572.
64
What is the remainder when 208252 is divided by 78?
70
What is the remainder when 70007 is divided by 100?
7
What is the remainder when 99836 is divided by 312?
308
What is the remainder when 1795 is divided by 316?
215
Calculate the remainder when 117595 is divided by 245.
240
Calculate the remainder when 25557 is divided by 136.
125
What is the remainder when 2141 is divided by 637?
230
What is the remainder when 12245 is divided by 1183?
415
What is the remainder when 45244 is divided by 15080?
4
What is the remainder when 192228 is divided by 98?
50
What is the remainder when 242353 is divided by 1605?
1603
What is the remainder when 1650 is divided by 795?
60
Calculate the remainder when 212621 is divided by 1648.
29
Calcula